7*f - 1598 = -u. Calculate the remainder when f is divided by 46.
32
Suppose -63 + 47 = -4*i. Suppose -i*t + 26*t = 2552. Calculate the remainder when t is divided by 39.
38
Suppose 2*k - 4971 = -3*u, u + 26 - 21 = 0. Calculate the remainder when k is divided by 32.
29
Let r be (-4)/6 + 498/18 + -1. Suppose -2*v - 11*v = -r. Suppose -3*u - 84 = -v*b, -164 = -3*b - 6*u + u. Calculate the remainder when b is divided by 7.
6
Let g be (-12)/30 + 39/(-15). Let p be -11*(-4 - g/1). Suppose -p = -2*i - l + 35, 0 = -5*l - 20. What is the remainder when 273 is divided by i?
23
Let g(j) = -j**2 - 47*j - 32. Let r be g(-46). Suppose -15*d = -r*d + 2*b - 124, 5*d - b = 587. Calculate the remainder when d is divided by 17.
16
Suppose -40*f = -1303 - 217. Calculate the remainder when 220 is divided by f.
30
Let l be 1/(-1)*(48/(-6) - -3). Suppose 0 = 5*h + l*d + 40 - 210, -2*d = -3*h + 112. What is the remainder when 71 is divided by h?
35
Suppose -19*g = -24*g + 10. Suppose 81 = -c + 4*c. Calculate the remainder when c is divided by g + (-2 - -1) + 10.
5
Let c(z) = z**3 + 3*z**2 + 1052. Let x be c(0). Suppose 432 = -4*a + x. Calculate the remainder when a is divided by 13.
12
Let g = 6 + -20. Let z = g + 20. What is the remainder when z is divided by (2 - -1)/((-15)/(-80)*4)?
2
Let a be 0 + 135 - 0/17. Let g = a - 105. What is the remainder when 83 is divided by g?
23
Suppose -5*f + 3*p = 5, -p = -3*f + 8 - 7. Suppose 3*g - 5 - 20 = 2*s, -f*g = -5*s - 24. Calculate the remainder when 48 is divided by g.
6
Let i = -169 + 171. Suppose -2*f - i*w + 34 = -w, -2*f = -2*w - 46. What is the remainder when f is divided by 3?
1
Let t = 242 - 112. Suppose 6*a = 11*a - t. Let i = a - -9. Calculate the remainder when i is divided by 10.
5
Let d = -27 + 37. Let z = -1 + d. Suppose -124*i = -127*i + 75. What is the remainder when i is divided by z?
7
Let p = -25717 - -25736. Calculate the remainder when 1042 is divided by p.
16
Let a(u) = 792*u**2 + u - 1. What is the remainder when a(-1) is divided by 37?
13
Let t(h) = -3*h**2 + 2*h + 155. Let r be t(0). Suppose 164*i - 63 = r*i. What is the remainder when 152 is divided by i?
5
Suppose 12 = 4*w, -4*w = 17*l - 14*l - 7755. What is the remainder when l is divided by 34?
31
Calculate the remainder when 831 is divided by 2/9 + ((-4)/(-10))/(1467/204565).
47
Let u be -1 + (6 - (5 + -2)). Suppose 0 = 4*f - 22 + u. Suppose -f*g + g + 72 = 0. What is the remainder when 42 is divided by g?
6
Suppose -4*d - i = -1 + 283, -3*d + 3*i = 204. Let k = 134 + d. What is the remainder when k is divided by 24?
16
Let d(s) = -s**2 - 61*s - 107. Calculate the remainder when d(-19) is divided by 1.
0
What is the remainder when 5*-9549*(-18)/810 is divided by 342?
35
Let y be 106*1*-6*6/(-72). Suppose s - y = -11. What is the remainder when 167 is divided by s?
41
Suppose -5*p - 7180 = -5*a, 47*p - 5762 = -4*a + 42*p. Calculate the remainder when a is divided by 39.
34
Suppose 5*q - 10 = -3*d, -3*d + 4*q = -3 - 16. Suppose -d*v + 291 - 111 = 0. Calculate the remainder when 103 is divided by v.
31
Calculate the remainder when (-322)/(3/(195/(-26))) is divided by 24.
13
Let v be (198/(-24) + -1)/(5/140). Let u(l) = 2*l**3 + 5*l**2 - 5*l + 4. What is the remainder when u(4) is divided by -2 + 4 - (-1)/((-7)/v)?
36
Suppose 18*x - 15*x - 11 = 22. Suppose -2*z + 0*z - 36 = 0. Calculate the remainder when 724/18 + 4/z is divided by x.
7
Calculate the remainder when (-1504)/(-3) - 1*-2 - 2224/1668 is divided by 39.
34
Let j(m) be the first derivative of 25*m**2/2 - 443*m + 150. What is the remainder when j(26) is divided by ((-5)/(-4))/(3/84)?
32
Suppose 3*m + 4068 = 15*m. Let w = m - 278. What is the remainder when w is divided by (-3)/(-2)*(11 + 3)?
19
Suppose 0 = -5*l - 5*q + 465, q + 108 = 2*l - 72. Let h = l - 46. Let f = 35 - 19. What is the remainder when h is divided by f?
13
Suppose -612*y = -606*y - 132. Suppose -69*u + 5546 = -y*u. Calculate the remainder when u is divided by 45.
28
Let f = -14164 + 44297. Calculate the remainder when f is divided by 49.
47
Let i(d) = 10*d**2 + 58*d - 9. Let k(x) = 2*x**3 + 12*x**2 + 10*x - 7. Let l be k(-5). Calculate the remainder when i(l) is divided by 39.
36
What is the remainder when 2830 is divided by ((-72)/(-21) - 4) + (-19893)/(-133)?
148
Suppose -9*y + 41284 = -34856. Calculate the remainder when y is divided by 184.
180
Let q = -406 - -1154. Let n = -733 + q. What is the remainder when 78 is divided by n?
3
Suppose -3*l = 2*b - 78, 15*l = 18*l + 8*b - 114. Calculate the remainder when 173 is divided by l.
19
Let j(l) = -l**2 - 22*l + 1857. What is the remainder when j(-53) is divided by 27?
25
Suppose 9 = 6*v + 10 - 19. What is the remainder when 18 is divided by v?
0
Let g be ((-9)/(-4))/(6/16). Let r be (-20)/g*408/(-85). Let l(i) = 2*i**2 - 25*i + 24. What is the remainder when l(r) is divided by 23?
21
Suppose 5*h - 18 = 7. Suppose 0 = f - 3*w - 2*w + 67, 5*f + 245 = -h*w. Calculate the remainder when (-7 + 1)*546/f is divided by 16.
15
Suppose -j = q - 13, 6*j - q = j + 65. Let g = 5246 + -5222. Calculate the remainder when g is divided by j.
11
Suppose 550 = 4*n + 142. Suppose -3*z + n = -y, 4*z + 4*y = -y + 136. Suppose -140 = -2*v - z. Calculate the remainder when v is divided by 27.
26
Suppose -4*t = -8*t + 48. Suppose 150 = -t*y + 270. What is the remainder when 57 is divided by y?
7
Let o(s) = 283*s - 1. Suppose -2*a + 3903 = 6*c + 3695, -118 = -2*a + 3*c. What is the remainder when o(1) is divided by a?
60
Suppose -61 = -3*v + 8. Suppose -5*q = -25, 5*q = -0*d + d - 17. Calculate the remainder when d is divided by v.
19
Suppose 10*a - 127 - 83 = 0. Let s = 5257 + -5244. Calculate the remainder when a is divided by s.
8
Let g(b) = -1135*b + 2553. What is the remainder when g(2) is divided by 110?
63
Suppose -35*r + 147 = -32*r. Let b = -347 - -535. Calculate the remainder when b is divided by r.
41
Let y be 3*-1*(-2 + 1). Suppose 0 = a - 0*u + y*u - 22, 4*a = -2*u + 138. Suppose 467 - 4965 = -346*d. What is the remainder when a is divided by d?
11
Let i(s) = -207*s + 96. Let l be i(-5). Suppose 0 = -12*p - 27 + l. Calculate the remainder when 366 is divided by p.
90
Let b(u) = 11*u - 163. Let k be b(0). Let w = -153 - k. Calculate the remainder when 218 is divided by w.
8
Suppose 243*p = 199092 + 103686. Calculate the remainder when p is divided by 179.
172
Let c = -26639 + 26871. What is the remainder when 403 is divided by c?
171
Let d(g) = 111*g**2 + g + 2. Let o be d(-1). Let z = o - 81. Calculate the remainder when 121 is divided by z.
28
Let d = -554 + 611. What is the remainder when 563 is divided by d?
50
Suppose 147*x - 146*x + 1 = 0. Let s(i) = -183*i**3 + 2*i + 1. Calculate the remainder when s(x) is divided by 62.
58
Let h(t) = t**3 - 99*t**2 - 87*t - 1290. Calculate the remainder when 7429 is divided by h(100).
9
Suppose -2*l - 126 = 3*j - 141, -4*l + 5*j + 19 = 0. Calculate the remainder when 603 is divided by l.
3
Let r(f) = 8*f + 67. Let i be ((-8)/(-10))/(10*1/75). What is the remainder when r(i) is divided by 29?
28
What is the remainder when ((-20)/(-20))/((-7)/(-28) - (-723)/(-2940)) is divided by 11?
3
Calculate the remainder when 3199 is divided by ((-60)/(-32))/(15/(-20))*-20.
49
Let i = -25 + 58. Let n(q) = -6*q. Let d be n(1). Let b(z) = z**3 + 5*z**2 - 7*z + 3. Calculate the remainder when i is divided by b(d).
6
Let n(z) = -14*z - 29 - 11*z - z**2 + 8*z. Let y(v) = -v**2 - 111*v - 1024. Let j be y(-10). What is the remainder when 37 is divided by n(j)?
11
Suppose 0 = -4*p - 3*d + 194, 3*d = -p - d + 55. Suppose n = 52 + 68. Suppose -n = -2*l - 3*l + 2*r, 0 = 4*r. What is the remainder when p is divided by l?
23
Suppose 8*j - 26 = 38. Suppose -a + 0*a + j = 4*z, a - 7 = -3*z. Suppose 4*t - 208 = -a*t. What is the remainder when 103 is divided by t?
25
Suppose 0 = -53*a - 3181 + 8852. Calculate the remainder when 349 is divided by a.
28
Suppose 8*v + 25 = 13*v. Let u be (-63)/(-2) + 1*v/(-10). Suppose o = t - u, -3*t = 2*o - 44 - 39. What is the remainder when t is divided by 16?
13
Let o = 8391 - 8336. Let i(z) = 16*z**2 + 4*z + 3. What is the remainder when i(-5) is divided by o?
53
Let v be 1/4 - (-183)/(-12). Let w be (126/v)/(10/(-125)). Let d = w